{"id":8,"date":"2026-02-02T23:21:08","date_gmt":"2026-02-02T23:21:08","guid":{"rendered":"https:\/\/tm.doppiavvu.it\/?page_id=8"},"modified":"2026-02-03T12:33:02","modified_gmt":"2026-02-03T12:33:02","slug":"home","status":"publish","type":"page","link":"https:\/\/tm.doppiavvu.it\/","title":{"rendered":"Home"},"content":{"rendered":"\n<div class=\"gb-element-c9802d48 alignfull\">\n<div class=\"gb-element-d36ed5d4\">\n<span class=\"gb-shape gb-shape-bc19ef9e\"><svg xmlns=\"http:\/\/www.w3.org\/2000\/svg\" viewBox=\"0 0 640 640\"><path d=\"M303.3 112.7C196.2 121.2 112 210.8 112 320C112 434.9 205.1 528 320 528C353.3 528 384.7 520.2 412.6 506.3C309.2 482.9 232 390.5 232 280C232 214.2 259.4 154.9 303.3 112.7zM64 320C64 178.6 178.6 64 320 64C339.4 64 358.4 66.2 376.7 70.3C386.6 72.5 394 80.8 395.2 90.8C396.4 100.8 391.2 110.6 382.1 115.2C321.5 145.4 280 207.9 280 280C280 381.6 362.4 464 464 464C469 464 473.9 463.8 478.8 463.4C488.9 462.6 498.4 468.2 502.6 477.5C506.8 486.8 504.6 497.6 497.3 504.6C451.3 548.8 388.8 576 320 576C178.6 576 64 461.4 64 320z\"><\/path><\/svg><\/span>\n\n\n\n<h2 class=\"gb-text gb-text-4c4961eb\">Il Mistero<br><em><mark style=\"background-color:rgba(0, 0, 0, 0);color:#a3a3a3\" class=\"has-inline-color\">abitato di Amore<\/mark><\/em><\/h2>\n\n\n\n<p class=\"gb-text gb-text-04076264\">&#8220;L\u2019assistenza spirituale \u00e8 l\u2019arte di avvicinarsi con rispetto e silenzio a quel nucleo profondo, offrendo ascolto, presenza e strumenti interiori.&#8221;<\/p>\n\n\n\n<a class=\"gb-text-738f0321\"><span class=\"gb-text\">SCOPRI LA VISIONE<\/span><span class=\"gb-shape\"><svg aria-hidden=\"true\" role=\"img\" height=\"1em\" width=\"1em\" viewBox=\"0 0 256 512\" xmlns=\"http:\/\/www.w3.org\/2000\/svg\"><path fill=\"currentColor\" d=\"M224.3 273l-136 136c-9.4 9.4-24.6 9.4-33.9 0l-22.6-22.6c-9.4-9.4-9.4-24.6 0-33.9l96.4-96.4-96.4-96.4c-9.4-9.4-9.4-24.6 0-33.9L54.3 103c9.4-9.4 24.6-9.4 33.9 0l136 136c9.5 9.4 9.5 24.6.1 34z\"><\/path><\/svg><\/span><\/a>\n<\/div>\n<\/div>\n\n\n\n<div class=\"gb-element-177defe1 alignfull\">\n<div class=\"gb-element-890cb805\">\n<div class=\"gb-element-b9d41535\">\n<div class=\"gb-element-ca92caed\">\n<div class=\"gb-element-b5bf4293\">\n<h2 class=\"gb-text gb-text-211d9f2d\">Buio e Luce<\/h2>\n\n\n\n<p class=\"gb-text gb-text-0c75686d\">LA POLARIT\u00e0 DELL&#8217; ESISTENZA<\/p>\n<\/div>\n\n\n\n<p class=\"gb-text gb-text-e1da2792\">Nessun colore. Il buio rappresenta la verit\u00e0 accogliente da cui tutto proviene. La luce \u00e8 episodica, un bagliore che fa la differenza, illumina il cammino e permette di ritrovarsi.<br><br>Ogni individuo porta dentro di s\u00e9 un patrimonio trascendente. Una sorgente di senso che, nei momenti di vulnerabilit\u00e0, pu\u00f2 oscurarsi e smarrirsi o illuminarsi e ritrovarsi.<\/p>\n<\/div>\n\n\n\n<div class=\"gb-element-d38355e0\">\n<h2 class=\"gb-text gb-text-a4e5e94d\">&#8221; <strong><em>Nel buio accogliente la luce trova spazio.<\/em><\/strong> &#8220;<\/h2>\n<\/div>\n<\/div>\n<\/div>\n<\/div>\n\n\n\n<div class=\"gb-element-819c4b0b alignfull\">\n<div class=\"gb-element-26a3be7d\">\n<div class=\"gb-element-84fa6f56\">\n<div class=\"gb-element-d264157c\"><\/div>\n\n\n\n<div class=\"gb-element-6cbbedac\">\n<h2 class=\"gb-text gb-text-15c2ea32\">Chi siamo<\/h2>\n\n\n\n<p class=\"gb-text gb-text-1ea20dd6\">Siamo un&#8217;associazione dedicata all&#8217;accompagnamento spirituale, laico ed interreligioso. Crediamo che la cura della dimensione spirituale sia fondamentale per il benessere integrale della persona.<\/p>\n\n\n\n<p class=\"gb-text-58ed05bc\"><span class=\"gb-shape\"><svg aria-hidden=\"true\" role=\"img\" height=\"1em\" width=\"1em\" viewBox=\"0 0 512 512\" xmlns=\"http:\/\/www.w3.org\/2000\/svg\"><path fill=\"currentColor\" d=\"M256 8C119 8 8 119 8 256s111 248 248 248 248-111 248-248S393 8 256 8z\"><\/path><\/svg><\/span><span class=\"gb-text\">Approccio Laico e Interreligioso<\/span><\/p>\n\n\n\n<p class=\"gb-text-b66618b1\"><span class=\"gb-shape\"><svg aria-hidden=\"true\" role=\"img\" height=\"1em\" width=\"1em\" viewBox=\"0 0 512 512\" xmlns=\"http:\/\/www.w3.org\/2000\/svg\"><path fill=\"currentColor\" d=\"M256 8C119 8 8 119 8 256s111 248 248 248 248-111 248-248S393 8 256 8z\"><\/path><\/svg><\/span><span class=\"gb-text\">Ascolto Profondo<\/span><\/p>\n\n\n\n<p class=\"gb-text-91d829ae\"><span class=\"gb-shape\"><svg aria-hidden=\"true\" role=\"img\" height=\"1em\" width=\"1em\" viewBox=\"0 0 512 512\" xmlns=\"http:\/\/www.w3.org\/2000\/svg\"><path fill=\"currentColor\" d=\"M256 8C119 8 8 119 8 256s111 248 248 248 248-111 248-248S393 8 256 8z\"><\/path><\/svg><\/span><span class=\"gb-text\">Contemplazione Nature-Based<\/span><\/p>\n\n\n\n<a class=\"gb-text gb-text-3bccbdba\">SCOPRI LA VISIONE<\/a>\n<\/div>\n<\/div>\n<\/div>\n<\/div>\n\n\n\n<div class=\"gb-element-ac326339 alignfull\">\n<div class=\"gb-element-6f1228d6\">\n<div class=\"gb-element-d1cc9883\">\n<span class=\"gb-shape gb-shape-16a5ea5c\"><svg viewBox=\"0 0 640 640\" xmlns=\"http:\/\/www.w3.org\/2000\/svg\"><path d=\"M535.3 70.7C541.7 64.6 551 62.4 559.6 65.2C569.4 68.5 576 77.7 576 88L576 274.9C576 406.1 467.9 512 337.2 512C260.2 512 193.8 462.5 169.7 393.3C134.3 424.1 112 469.4 112 520C112 533.3 101.3 544 88 544C74.7 544 64 533.3 64 520C64 445.1 102.2 379.1 160.1 340.3C195.4 316.7 237.5 304 280 304L360 304C373.3 304 384 293.3 384 280C384 266.7 373.3 256 360 256L280 256C240.3 256 202.7 264.8 169 280.5C192.3 210.5 258.2 160 336 160C402.4 160 451.8 137.9 484.7 116C503.9 103.2 520.2 87.9 535.4 70.7z\"><\/path><\/svg><\/span>\n\n\n\n<h2 class=\"gb-text gb-text-30cffaa7\">I nostri percorsi<\/h2>\n\n\n\n<p class=\"gb-text gb-text-332a87a2\">Strumenti per ritrovare la propria voce interiore attraverso la meditazione, la formazione e l&#8217;assistenza diretta.<\/p>\n<\/div>\n<\/div>\n<\/div>\n","protected":false},"excerpt":{"rendered":"<p>Il Misteroabitato di Amore &#8220;L\u2019assistenza spirituale \u00e8 l\u2019arte di avvicinarsi con rispetto e silenzio a quel nucleo profondo, offrendo ascolto, presenza e strumenti interiori.&#8221; SCOPRI LA VISIONE Buio e Luce LA POLARIT\u00e0 DELL&#8217; ESISTENZA Nessun colore. Il buio rappresenta la verit\u00e0 accogliente da cui tutto proviene. La luce \u00e8 episodica, un bagliore che fa la [&hellip;]<\/p>\n","protected":false},"author":1,"featured_media":0,"parent":0,"menu_order":0,"comment_status":"closed","ping_status":"closed","template":"","meta":{"footnotes":""},"class_list":["post-8","page","type-page","status-publish","hentry"],"blocksy_meta":{"has_hero_section":"disabled","content_style_source":"inherit","styles_descriptor":{"styles":{"desktop":"","tablet":"","mobile":""},"google_fonts":[],"version":6},"vertical_spacing_source":"custom","content_area_spacing":"none"},"_links":{"self":[{"href":"https:\/\/tm.doppiavvu.it\/index.php?rest_route=\/wp\/v2\/pages\/8","targetHints":{"allow":["GET"]}}],"collection":[{"href":"https:\/\/tm.doppiavvu.it\/index.php?rest_route=\/wp\/v2\/pages"}],"about":[{"href":"https:\/\/tm.doppiavvu.it\/index.php?rest_route=\/wp\/v2\/types\/page"}],"author":[{"embeddable":true,"href":"https:\/\/tm.doppiavvu.it\/index.php?rest_route=\/wp\/v2\/users\/1"}],"replies":[{"embeddable":true,"href":"https:\/\/tm.doppiavvu.it\/index.php?rest_route=%2Fwp%2Fv2%2Fcomments&post=8"}],"version-history":[{"count":5,"href":"https:\/\/tm.doppiavvu.it\/index.php?rest_route=\/wp\/v2\/pages\/8\/revisions"}],"predecessor-version":[{"id":64,"href":"https:\/\/tm.doppiavvu.it\/index.php?rest_route=\/wp\/v2\/pages\/8\/revisions\/64"}],"wp:attachment":[{"href":"https:\/\/tm.doppiavvu.it\/index.php?rest_route=%2Fwp%2Fv2%2Fmedia&parent=8"}],"curies":[{"name":"wp","href":"https:\/\/api.w.org\/{rel}","templated":true}]}}

<div class="gb-element-c9802d48 alignfull">
<div class="gb-element-d36ed5d4">
<span class="gb-shape gb-shape-bc19ef9e"><svg xmlns="http://www.w3.org/2000/svg" viewBox="0 0 640 640"><path d="M303.3 112.7C196.2 121.2 112 210.8 112 320C112 434.9 205.1 528 320 528C353.3 528 384.7 520.2 412.6 506.3C309.2 482.9 232 390.5 232 280C232 214.2 259.4 154.9 303.3 112.7zM64 320C64 178.6 178.6 64 320 64C339.4 64 358.4 66.2 376.7 70.3C386.6 72.5 394 80.8 395.2 90.8C396.4 100.8 391.2 110.6 382.1 115.2C321.5 145.4 280 207.9 280 280C280 381.6 362.4 464 464 464C469 464 473.9 463.8 478.8 463.4C488.9 462.6 498.4 468.2 502.6 477.5C506.8 486.8 504.6 497.6 497.3 504.6C451.3 548.8 388.8 576 320 576C178.6 576 64 461.4 64 320z"></path></svg></span>



<h2 class="gb-text gb-text-4c4961eb">Il Mistero<br><em><mark style="background-color:rgba(0, 0, 0, 0);color:#a3a3a3" class="has-inline-color">abitato di Amore</mark></em></h2>



<p class="gb-text gb-text-04076264">&#8220;L’assistenza spirituale è l’arte di avvicinarsi con rispetto e silenzio a quel nucleo profondo, offrendo ascolto, presenza e strumenti interiori.&#8221;</p>



<a class="gb-text-738f0321"><span class="gb-text">SCOPRI LA VISIONE</span><span class="gb-shape"><svg aria-hidden="true" role="img" height="1em" width="1em" viewBox="0 0 256 512" xmlns="http://www.w3.org/2000/svg"><path fill="currentColor" d="M224.3 273l-136 136c-9.4 9.4-24.6 9.4-33.9 0l-22.6-22.6c-9.4-9.4-9.4-24.6 0-33.9l96.4-96.4-96.4-96.4c-9.4-9.4-9.4-24.6 0-33.9L54.3 103c9.4-9.4 24.6-9.4 33.9 0l136 136c9.5 9.4 9.5 24.6.1 34z"></path></svg></span></a>
</div>
</div>



<div class="gb-element-177defe1 alignfull">
<div class="gb-element-890cb805">
<div class="gb-element-b9d41535">
<div class="gb-element-ca92caed">
<div class="gb-element-b5bf4293">
<h2 class="gb-text gb-text-211d9f2d">Buio e Luce</h2>



<p class="gb-text gb-text-0c75686d">LA POLARITà DELL&#8217; ESISTENZA</p>
</div>



<p class="gb-text gb-text-e1da2792">Nessun colore. Il buio rappresenta la verità accogliente da cui tutto proviene. La luce è episodica, un bagliore che fa la differenza, illumina il cammino e permette di ritrovarsi.<br><br>Ogni individuo porta dentro di sé un patrimonio trascendente. Una sorgente di senso che, nei momenti di vulnerabilità, può oscurarsi e smarrirsi o illuminarsi e ritrovarsi.</p>
</div>



<div class="gb-element-d38355e0">
<h2 class="gb-text gb-text-a4e5e94d">&#8221; <strong><em>Nel buio accogliente la luce trova spazio.</em></strong> &#8220;</h2>
</div>
</div>
</div>
</div>



<div class="gb-element-819c4b0b alignfull">
<div class="gb-element-26a3be7d">
<div class="gb-element-84fa6f56">
<div class="gb-element-d264157c"></div>



<div class="gb-element-6cbbedac">
<h2 class="gb-text gb-text-15c2ea32">Chi siamo</h2>



<p class="gb-text gb-text-1ea20dd6">Siamo un&#8217;associazione dedicata all&#8217;accompagnamento spirituale, laico ed interreligioso. Crediamo che la cura della dimensione spirituale sia fondamentale per il benessere integrale della persona.</p>



<p class="gb-text-58ed05bc"><span class="gb-shape"><svg aria-hidden="true" role="img" height="1em" width="1em" viewBox="0 0 512 512" xmlns="http://www.w3.org/2000/svg"><path fill="currentColor" d="M256 8C119 8 8 119 8 256s111 248 248 248 248-111 248-248S393 8 256 8z"></path></svg></span><span class="gb-text">Approccio Laico e Interreligioso</span></p>



<p class="gb-text-b66618b1"><span class="gb-shape"><svg aria-hidden="true" role="img" height="1em" width="1em" viewBox="0 0 512 512" xmlns="http://www.w3.org/2000/svg"><path fill="currentColor" d="M256 8C119 8 8 119 8 256s111 248 248 248 248-111 248-248S393 8 256 8z"></path></svg></span><span class="gb-text">Ascolto Profondo</span></p>



<p class="gb-text-91d829ae"><span class="gb-shape"><svg aria-hidden="true" role="img" height="1em" width="1em" viewBox="0 0 512 512" xmlns="http://www.w3.org/2000/svg"><path fill="currentColor" d="M256 8C119 8 8 119 8 256s111 248 248 248 248-111 248-248S393 8 256 8z"></path></svg></span><span class="gb-text">Contemplazione Nature-Based</span></p>



<a class="gb-text gb-text-3bccbdba">SCOPRI LA VISIONE</a>
</div>
</div>
</div>
</div>



<div class="gb-element-ac326339 alignfull">
<div class="gb-element-6f1228d6">
<div class="gb-element-d1cc9883">
<span class="gb-shape gb-shape-16a5ea5c"><svg viewBox="0 0 640 640" xmlns="http://www.w3.org/2000/svg"><path d="M535.3 70.7C541.7 64.6 551 62.4 559.6 65.2C569.4 68.5 576 77.7 576 88L576 274.9C576 406.1 467.9 512 337.2 512C260.2 512 193.8 462.5 169.7 393.3C134.3 424.1 112 469.4 112 520C112 533.3 101.3 544 88 544C74.7 544 64 533.3 64 520C64 445.1 102.2 379.1 160.1 340.3C195.4 316.7 237.5 304 280 304L360 304C373.3 304 384 293.3 384 280C384 266.7 373.3 256 360 256L280 256C240.3 256 202.7 264.8 169 280.5C192.3 210.5 258.2 160 336 160C402.4 160 451.8 137.9 484.7 116C503.9 103.2 520.2 87.9 535.4 70.7z"></path></svg></span>



<h2 class="gb-text gb-text-30cffaa7">I nostri percorsi</h2>



<p class="gb-text gb-text-332a87a2">Strumenti per ritrovare la propria voce interiore attraverso la meditazione, la formazione e l&#8217;assistenza diretta.</p>
</div>
</div>
</div>

<p>Il Misteroabitato di Amore &#8220;L’assistenza spirituale è l’arte di avvicinarsi con rispetto e silenzio a quel nucleo profondo, offrendo ascolto, presenza e strumenti interiori.&#8221; SCOPRI LA VISIONE Buio e Luce LA POLARITà DELL&#8217; ESISTENZA Nessun colore. Il buio rappresenta la verità accogliente da cui tutto proviene. La luce è episodica, un bagliore che fa la [&hellip;]</p>
